{"id":1813,"date":"2015-06-17T16:04:56","date_gmt":"2015-06-17T13:04:56","guid":{"rendered":"https:\/\/galerimiz.com\/sergi\/i-guess-you-are-busy\/"},"modified":"2015-06-17T16:04:56","modified_gmt":"2015-06-17T13:04:56","slug":"i-guess-you-are-busy","status":"publish","type":"sergi","link":"https:\/\/galerimiz.com\/en\/exhibition\/i-guess-you-are-busy\/","title":{"rendered":"&#8220;I Guess You Are Busy&#8221;"},"content":{"rendered":"<p>I Guess You Are Busy..!, Young Curators, Esra \u00d6zkan, Gencer U\u00e7ar, and Merve Balc\u0131o\u011flu that brings four young contemporary artists and their interdisciplinary works together, will take place at Galeri\/Miz between 17-30 June 2015.<\/p>\n<p>The exhibition questions how the information flow in social perception gets out of control, the diffusion of crystallized totalitarian structures into our lives in every aspect, mass media, and \u2018busyness\u2019 through the direct problematic effects of all these on the individual. Ahmet Duru, one of those four young contemporary artists, criticizes the consumption society through a performance. Esra \u0130lbeyli adresses being a misfit and alienation in the society with her light boxes, while \u00d6yk\u00fc Ersoy narrates the city that cannot fall in step with the individual\u2019s change, the characters that connects with the life, and the situations they face. Ya\u011f\u0131zhan \u00c7al\u0131\u015fkan participates the exhibition with his video installation that focuses on alienation of the individual as an outcome of busyness. I Guess You Are Busy..! can be visited at Galeri\/Miz between 17-30 June 2015.<\/p>\n","protected":false},"featured_media":1440,"template":"","sanatci":[139],"yillar":[148],"class_list":["post-1813","sergi","type-sergi","status-publish","has-post-thumbnail","hentry","sanatci-esra-ozkan-gencer-ucar-merve-balcioglu-en","yillar-2015-en"],"acf":[],"_links":{"self":[{"href":"https:\/\/galerimiz.com\/en\/wp-json\/wp\/v2\/sergi\/1813","targetHints":{"allow":["GET"]}}],"collection":[{"href":"https:\/\/galerimiz.com\/en\/wp-json\/wp\/v2\/sergi"}],"about":[{"href":"https:\/\/galerimiz.com\/en\/wp-json\/wp\/v2\/types\/sergi"}],"wp:featuredmedia":[{"embeddable":true,"href":"https:\/\/galerimiz.com\/en\/wp-json\/wp\/v2\/media\/1440"}],"wp:attachment":[{"href":"https:\/\/galerimiz.com\/en\/wp-json\/wp\/v2\/media?parent=1813"}],"wp:term":[{"taxonomy":"sanatci","embeddable":true,"href":"https:\/\/galerimiz.com\/en\/wp-json\/wp\/v2\/sanatci?post=1813"},{"taxonomy":"yillar","embeddable":true,"href":"https:\/\/galerimiz.com\/en\/wp-json\/wp\/v2\/yillar?post=1813"}],"curies":[{"name":"wp","href":"https:\/\/api.w.org\/{rel}","templated":true}]}}

<p>I Guess You Are Busy..!, Young Curators, Esra Özkan, Gencer Uçar, and Merve Balcıoğlu that brings four young contemporary artists and their interdisciplinary works together, will take place at Galeri/Miz between 17-30 June 2015.</p>
<p>The exhibition questions how the information flow in social perception gets out of control, the diffusion of crystallized totalitarian structures into our lives in every aspect, mass media, and ‘busyness’ through the direct problematic effects of all these on the individual. Ahmet Duru, one of those four young contemporary artists, criticizes the consumption society through a performance. Esra İlbeyli adresses being a misfit and alienation in the society with her light boxes, while Öykü Ersoy narrates the city that cannot fall in step with the individual’s change, the characters that connects with the life, and the situations they face. Yağızhan Çalışkan participates the exhibition with his video installation that focuses on alienation of the individual as an outcome of busyness. I Guess You Are Busy..! can be visited at Galeri/Miz between 17-30 June 2015.</p>
