{"id":1854,"date":"2021-06-15T17:45:16","date_gmt":"2021-06-15T14:45:16","guid":{"rendered":"https:\/\/galerimiz.com\/sergi\/miz-mix-vol-7\/"},"modified":"2021-06-15T17:45:16","modified_gmt":"2021-06-15T14:45:16","slug":"miz-mix-vol-7","status":"publish","type":"sergi","link":"https:\/\/galerimiz.com\/en\/exhibition\/miz-mix-vol-7\/","title":{"rendered":"M\u0130Z MIX VOL :7"},"content":{"rendered":"<p><strong>Gallery\/Miz<\/strong> is hosting the group exhibition &#8220;<strong>Miz Karma Vol:7<\/strong>&#8221; which will take place in the summer.<\/p>\n<p>Bringing together different styles such as abstract expressionism, hyper-realism, figurative and portraiture, the exhibition features works of contemporary art by artists working with a wide range of techniques and materials, from sculpture to canvas, photography to textiles. The exhibition, which allows the viewer to establish a close relationship with the artwork in the gallery space, is on view until August 16 at <strong>Gallery\/Miz<\/strong><\/p>\n<h2><strong>ARTISTS<\/strong><\/h2>\n<p>B\u0130HTER YASEM\u0130N ADALI<br \/>\nA\u015eKIN AKMAN<br \/>\nEMEL BA\u015eARIK AYTEK\u0130N<br \/>\nZUHAL BAYSAN<br \/>\nG\u00dcNE\u015e B\u00dcY\u00dcKU\u011eUR<br \/>\nGENCO G\u00dcLAN<br \/>\nG\u00dcL ILGAZ<br \/>\nMET\u0130N KALKIZO\u011eLU<br \/>\nMUSTAFA KARYA\u011eDI<br \/>\nAYNUR \u00d6N\u00dcRMEN<br \/>\nMERT \u00d6ZGEN<br \/>\nTUNCAY TOP\u00c7U<br \/>\nAY\u015eE TOP\u00c7UO\u011eULLARI<\/p>\n","protected":false},"featured_media":1503,"template":"","sanatci":[161],"yillar":[173],"class_list":["post-1854","sergi","type-sergi","status-publish","has-post-thumbnail","hentry","sanatci-group-exhibition","yillar-2021-en"],"acf":[],"_links":{"self":[{"href":"https:\/\/galerimiz.com\/en\/wp-json\/wp\/v2\/sergi\/1854","targetHints":{"allow":["GET"]}}],"collection":[{"href":"https:\/\/galerimiz.com\/en\/wp-json\/wp\/v2\/sergi"}],"about":[{"href":"https:\/\/galerimiz.com\/en\/wp-json\/wp\/v2\/types\/sergi"}],"wp:featuredmedia":[{"embeddable":true,"href":"https:\/\/galerimiz.com\/en\/wp-json\/wp\/v2\/media\/1503"}],"wp:attachment":[{"href":"https:\/\/galerimiz.com\/en\/wp-json\/wp\/v2\/media?parent=1854"}],"wp:term":[{"taxonomy":"sanatci","embeddable":true,"href":"https:\/\/galerimiz.com\/en\/wp-json\/wp\/v2\/sanatci?post=1854"},{"taxonomy":"yillar","embeddable":true,"href":"https:\/\/galerimiz.com\/en\/wp-json\/wp\/v2\/yillar?post=1854"}],"curies":[{"name":"wp","href":"https:\/\/api.w.org\/{rel}","templated":true}]}}

MİZ MIX VOL :7

<p><strong>Gallery/Miz</strong> is hosting the group exhibition &#8220;<strong>Miz Karma Vol:7</strong>&#8221; which will take place in the summer.</p>
<p>Bringing together different styles such as abstract expressionism, hyper-realism, figurative and portraiture, the exhibition features works of contemporary art by artists working with a wide range of techniques and materials, from sculpture to canvas, photography to textiles. The exhibition, which allows the viewer to establish a close relationship with the artwork in the gallery space, is on view until August 16 at <strong>Gallery/Miz</strong></p>
<h2><strong>ARTISTS</strong></h2>
<p>BİHTER YASEMİN ADALI<br />
AŞKIN AKMAN<br />
EMEL BAŞARIK AYTEKİN<br />
ZUHAL BAYSAN<br />
GÜNEŞ BÜYÜKUĞUR<br />
GENCO GÜLAN<br />
GÜL ILGAZ<br />
METİN KALKIZOĞLU<br />
MUSTAFA KARYAĞDI<br />
AYNUR ÖNÜRMEN<br />
MERT ÖZGEN<br />
TUNCAY TOPÇU<br />
AYŞE TOPÇUOĞULLARI</p>
